(17/18 + -1). List the prime factors of d(t).
2, 5
Let p(q) = -44*q - 21. Let w be p(-8). Suppose -5*c + w + 1169 = 0. Let u = 462 - c. List the prime factors of u.
2, 3
Suppose 0 = -139*b + 136*b + 14253. List the prime factors of b.
4751
Suppose 0 = -2*d - 8*d + 6010. Let x = 1244 - d. List the prime factors of x.
643
Let x(f) = 2866*f + 42. Let t be x(2). Suppose 38*r = -t + 28194. What are the prime factors of r?
2, 5, 59
Suppose -59 = -5*k - 3*m, 0 = 4*k - 5*m + 21 - 83. Let w(h) = 45*h - 88. What are the prime factors of w(k)?
7, 71
Let y = 49 - 21. Suppose -y*m + 7*m = -9702. List the prime factors of m.
2, 3, 7, 11
Let d = 61565 - 35576. List the prime factors of d.
3, 8663
Suppose 0 = -3*s + s + 14. Let q(k) be the second derivative of -k**5/20 + 5*k**4/6 - 5*k**3/6 + 3*k**2/2 + 64*k + 7. What are the prime factors of q(s)?
5, 23
Let o be 47/(-4) + (-3)/(-4). What are the prime factors of o*(-24*1 - -3)?
3, 7, 11
Let z(i) = -i**2 + 18*i + 2. Suppose -5*h = -3*l - 22, 0 = -h - h + 10. Suppose 0 = -4*u - s + 52, l - 37 = -2*u - 3*s. List the prime factors of z(u).
2, 37
Let j = -567 + 2124. List the prime factors of j.
3, 173
Suppose 17813 = 3*i - 4*d, d - 49944 + 8370 = -7*i. List the prime factors of i.
5939
Suppose 274 = 4*q + 42. What are the prime factors of -8*(2 + q - -2)/(-1)?
2, 31
Let t(z) be the third derivative of 233*z**5/60 + z**4/12 - 29*z**2. What are the prime factors of t(-1)?
3, 7, 11
Let h = 39 - 25. Suppose -4*j - 470 = -h*j. List the prime factors of j.
47
Let j(p) = 86*p**2 + 371*p - 10577. List the prime factors of j(28).
5, 7, 17, 113
Let n be 3/(-9)*(0 - 6). Suppose -5*t = -n*y + 732, -1342 = -4*y - t + 166. What are the prime factors of y?
2, 47
Let s(g) = 13*g + 182. Let c be s(-5). Suppose -c*o = -119*o + 148. What are the prime factors of o?
2, 37
Suppose -v - 15 = 2*h, 5*v = 2*v - 15. Let y(f) = 33*f**2 + 13*f - 18. What are the prime factors of y(h)?
2, 7, 53
Let b be 20238/(18/3) - 1. Suppose 17788 = 23*u - b. List the prime factors of u.
2, 5, 23
Suppose 3*q = -2*w - 546, 4*w + w - 3*q + 1365 = 0. Let d = w + 456. List the prime factors of d.
3, 61
Let s(z) = z**2 + z + 8. Let q be s(-5). Suppose 31 + q = -g. Let i = g - -90. List the prime factors of i.
31
Suppose 233*h - 5236217 = -346*h + 68*h. List the prime factors of h.
10247
Suppose 3*z + 32 = 6*z + 5*y, 32 = 4*z + 4*y. Suppose 5*x + 3*s - 7160 = 0, 0 = z*x - s - 419 - 5309. List the prime factors of x.
2, 179
Let l(z) be the second derivative of -z**3/3 + 19*z**2/2 + 13*z. Let n be l(8). Suppose n*p + 180 = 2*m + 5*p, -m + 92 = 3*p. What are the prime factors of m?
89
What are the prime factors of 530575/9 + 6371/(-207) + 31?
3, 43, 457
Let d = -17904 + 38820. List the prime factors of d.
2, 3, 7, 83
Let v = -156 + 158. Suppose -v*q = 6*q - 1992. What are the prime factors of q?
3, 83
Suppose -a + 4 = 3*q, -5*q + 4*a - 3*a + 12 = 0. Suppose 0 = -5*u + u + q*y + 3946, 976 = u + 3*y. List the prime factors of u.
5, 197
Let a(w) = -w**2 + 31*w - 146. Let o be a(9). Suppose 46*n = o*n - 5106. List the prime factors of n.
23, 37
Let a = -42 + 44. Suppose 0 = 3*h + d - 9, a*h + 0 = -3*d + 6. Suppose y + 41 = 4*v - h*v, 2*v + 5*y - 96 = 0. List the prime factors of v.
43
Let a(t) be the second derivative of -t**5/20 - 25*t**4/12 + 2*t**3 + 14*t**2 + 110*t - 1. List the prime factors of a(-27).
2, 7, 83
Suppose 38*a - 26*a = 360. Suppose -8*x = a*x - 20064. List the prime factors of x.
2, 3, 11
Suppose -84*x - 72 = -93*x. Let g(s) = 33*s + 31. What are the prime factors of g(x)?
5, 59
Suppose n + 4 = 2*n. Suppose -p - 26 = -46. What are the prime factors of ((-50)/n)/((-2)/p)?
5
Suppose -2*a + 4*b - 648 = 0, -a - 1560 = 4*a + 2*b. What are the prime factors of ((-1)/(2/a))/(52/208)?
2, 157
Suppose 3*t + 8 = -x - 3*x, 0 = 2*t + 2*x + 2. Suppose -1502 = -3*v - t*z, 0 = -4*v - z - z + 1986. What are the prime factors of v?
2, 13, 19
Let g be (-635945)/(-25) - 48/60. Suppose 34*f = 10161 + g. List the prime factors of f.
3, 349
Suppose 0 = -57*w + 103 + 182. Suppose 2*u = 2*z - 0*z, 5*u - z - 16 = 0. Suppose -w*y = -15, u*g - y = -6*y + 287. What are the prime factors of g?
2, 17
List the prime factors of (-120)/80*176/18*16125/(-10).
2, 5, 11, 43
Let j be 34045/4 - (-39)/52. Suppose 13*d = j - 543. List the prime factors of d.
613
Suppose -36*v + 31*v = -4*u - 10659, 19178 = 9*v + u. List the prime factors of v.
2131
What are the prime factors of 10 - 123946*(152/(-16))/19?
3, 71, 97
Suppose -4*b = -l, -7*l + 4*l = -b + 11. List the prime factors of ((-3825)/6)/(-5) - b/2.
2
Let w(v) = 2*v**2 - 6*v + 22. Suppose -24*n + 7 = -23*n. Let g be w(n). Suppose 26 = x - g. List the prime factors of x.
2, 13
Suppose j + 766 = -517. Let o = -913 - j. What are the prime factors of o?
2, 5, 37
Suppose 3*g + 0*g - 2*u = -2, -4*g = 5*u - 28. Suppose -3*j = g*h + 9, h - 2*h = j + 4. List the prime factors of 1 - (-2 + -141 + j).
5, 29
List the prime factors of -2*(7 - (13/(13/4802) + -2)).
2, 4793
Let g = 8452 + -5053. What are the prime factors of g?
3, 11, 103
Let r be 12/(-21) + 347/7. Let t = r - 37. Suppose -5*f = -t*f + 546. What are the prime factors of f?
2, 3, 13
Let j(i) = i**3 + i**2 - 20*i + 18. Let t be j(4). Suppose t*l - 2146 = -670. What are the prime factors of l?
2, 41
Let k be ((-3)/6 - -2)*6. Let n(x) = 4*x - 31. Let p be n(k). Suppose p*l - 309 = b, b = -2*l + 4*b + 121. List the prime factors of l.
2, 31
Suppose -105*o = -34*o - 639. Let p(g) = -613*g**3 + g**2 - 1. Let d be p(-1). Suppose -o*f = -1043 - d. List the prime factors of f.
2, 23
Suppose 2*a + a = 2*a. Suppose a = 6*j - 23*j + 17. Let s(i) = 246*i + 6. What are the prime factors of s(j)?
2, 3, 7
Suppose -4*h = 3*k + 758 + 753, h + 374 = -2*k. Let g be h/16*12*1. What are the prime factors of g/10*(1 - 3)?
3, 19
Suppose -2*l + 13826 = 4*j, 109*l - 105*l - 27665 = 5*j. List the prime factors of l.
3, 5, 461
Suppose -27831 = -188*v + 115613. List the prime factors of v.
7, 109
Let h = -727 - -1107. Suppose -516 = -4*v + 4*q + h, -448 = -2*v + 5*q. List the prime factors of v.
2, 7
Let w(k) = -7*k - 52. Let f be w(-9). Suppose -s + f = 5. Suppose l + 220 = s*l. List the prime factors of l.
2, 11
Let j be 15*(-3 - (-28)/12). Let o(k) = k**3 + 10*k**2 - 2*k - 15. Let d be o(j). List the prime factors of -2*(-10 + (d - 2)).
2, 7
Suppose 18*o + 8 = 62. Suppose -5*j + 1 = q, -2*j + 7*j = o*q - 3. Suppose -4*v + 7 = -q, 219 = z + v. What are the prime factors of z?
7, 31
Suppose -177 = 2*z - 193. List the prime factors of (-5)/((-1782)/222 + z).
5, 37
Let z = 4 + -2. Suppose 2*u - 8 = -5*l + z, 4 = 2*l - 5*u. Suppose 2*m - 77 = -l*m - 5*b, -35 = -2*m + b. What are the prime factors of m?
2, 3
Let t be 407 - (-4 - (5 - 11)). Let r = -83 + t. List the prime factors of r.
2, 7, 23
Suppose -54740 - 53070 = -10*z. What are the prime factors of z?
10781
Let x = 172 - 105. Let a = x - 32. Suppose 5*z = 6*z - a. What are the prime factors of z?
5, 7
Let c(o) = 903*o**2 + 18*o + 17. List the prime factors of c(-3).
2, 5, 809
Suppose -23*d + 2305 = 11965. What are the prime factors of 135/(-6)*d/45?
2, 3, 5, 7
Suppose 5*j - 6*t - 82202 = 0, 15*j = 10*j - 2*t + 82226. List the prime factors of j.
2, 4111
Suppose 53 = -3*n + 5*b, -5*n - 43 = 3*b + 68. Let l(r) = -2*r**2 - 42*r - 5. Let c be l(n). What are the prime factors of (-729)/6*((-39)/(-9) + c)?
3
Let t(y) = 294*y**2 + 64*y - 690. List the prime factors of t(9).
2, 3, 5, 79
Let y be (-1)/(-4) + (-6 - 78/(-8)). Suppose 5*s - 470 = -5*o, y*o - 4*s = 5*o - 103. What are the prime factors of o?
7, 13
List the prime factors of (60/(-24))/((-20)/14328).
3, 199
Let z(l) = -30*l - 13. Let g = -82 - -73. What are the prime factors of z(g)?
257
Suppose 60*t + 48*t - 1829280 = -52*t. What are the prime factors of t?
3, 37, 103
Let i = 32 + -13. Suppose 0 = i*n - 29 - 237. List the prime factors of 48/(-112) + (2428/n - 1).
2, 43
Suppose 238 - 1041 = 11*b. Let i = 71 + b. What are the prime factors of i/((2/393)/(2/(-6)))?
131
Let q(t) = 13 - 4 - 2*t**3 - 8 + 12 - 20*t + 8*t**3 - 2*t**2. List the prime factors of q(5).
613
Suppose 0 = -2*c - 6, -11*c - 240719 = -4*u - 10*c. List the prime factors of u.
7, 8597
Let d be -7 - (-1256)/(-2) - 7. Let i = -99 - d. 